{"id":1877,"date":"2020-05-08T13:05:28","date_gmt":"2020-05-08T13:05:28","guid":{"rendered":"https:\/\/www.cliniqueorl.com\/?page_id=1877"},"modified":"2020-05-09T15:27:29","modified_gmt":"2020-05-09T15:27:29","slug":"chirurgie-plastique-et-reconstruction-faciale","status":"publish","type":"page","link":"https:\/\/www.cliniqueorl.com\/en\/chirurgie-plastique-et-reconstruction-faciale\/","title":{"rendered":"Facial plastic and reconstructive surgery"},"content":{"rendered":"<h2 class=\"translation-block\"><i> Facial plastics,<\/i> one of the specialties of ENT<\/h2>\n<p><img fetchpriority=\"high\" decoding=\"async\" width=\"940\" height=\"940\" src=\"https:\/\/www.cliniqueorl.com\/wp-content\/uploads\/2020\/05\/46-1024x1024.png\" alt=\"chirurgie esth\u00e9tique faciale\" srcset=\"https:\/\/www.cliniqueorl.com\/wp-content\/uploads\/2020\/05\/46-1024x1024.png 1024w, https:\/\/www.cliniqueorl.com\/wp-content\/uploads\/2020\/05\/46-300x300.png 300w, https:\/\/www.cliniqueorl.com\/wp-content\/uploads\/2020\/05\/46-150x150.png 150w, https:\/\/www.cliniqueorl.com\/wp-content\/uploads\/2020\/05\/46-768x768.png 768w, https:\/\/www.cliniqueorl.com\/wp-content\/uploads\/2020\/05\/46-1536x1536.png 1536w\" sizes=\"(max-width: 940px) 100vw, 940px\" title=\"46\"><\/p>\n<p>Facial plastic and reconstructive surgery, often called facial plastics, is one of the specialties for which the ENT has specialized training. Our specialties including treatment of face and neck skin cancers, facial paralysis rehabilitation, as well as nasal and facial cosmetic surgery and medicine.<\/p>\n<p>Les conditions les plus commun\u00e9ment trait\u00e9es sont list\u00e9es \u00e0 gauche.<\/p>","protected":false},"excerpt":{"rendered":"<p>La plastie faciale, une des sp\u00e9cialit\u00e9s de l&rsquo;ORL La chirurgie plastique et la reconstruction faciale, souvent appel\u00e9e plastie faciale, est une des sp\u00e9cialit\u00e9s pour lesquelles l&rsquo;ORL poss\u00e8de une formation de pointe. Allant des traitements des cancers de peau du visage \u00e0 la r\u00e9habilitation post paralysie faciale, elle inclut \u00e9galement les traitements esth\u00e9tiques non-chirurgicaux et chirurgicaux [&hellip;]<\/p>\n","protected":false},"author":2,"featured_media":0,"parent":0,"menu_order":0,"comment_status":"closed","ping_status":"closed","template":"","meta":{"footnotes":""},"class_list":["post-1877","page","type-page","status-publish","hentry"],"_links":{"self":[{"href":"https:\/\/www.cliniqueorl.com\/en\/wp-json\/wp\/v2\/pages\/1877","targetHints":{"allow":["GET"]}}],"collection":[{"href":"https:\/\/www.cliniqueorl.com\/en\/wp-json\/wp\/v2\/pages"}],"about":[{"href":"https:\/\/www.cliniqueorl.com\/en\/wp-json\/wp\/v2\/types\/page"}],"author":[{"embeddable":true,"href":"https:\/\/www.cliniqueorl.com\/en\/wp-json\/wp\/v2\/users\/2"}],"replies":[{"embeddable":true,"href":"https:\/\/www.cliniqueorl.com\/en\/wp-json\/wp\/v2\/comments?post=1877"}],"version-history":[{"count":4,"href":"https:\/\/www.cliniqueorl.com\/en\/wp-json\/wp\/v2\/pages\/1877\/revisions"}],"predecessor-version":[{"id":2195,"href":"https:\/\/www.cliniqueorl.com\/en\/wp-json\/wp\/v2\/pages\/1877\/revisions\/2195"}],"wp:attachment":[{"href":"https:\/\/www.cliniqueorl.com\/en\/wp-json\/wp\/v2\/media?parent=1877"}],"curies":[{"name":"wp","href":"https:\/\/api.w.org\/{rel}","templated":true}]}}

<h2 class="translation-block"><i> Facial plastics,</i> one of the specialties of ENT</h2>
<p><img fetchpriority="high" decoding="async" width="940" height="940" src="https://www.cliniqueorl.com/wp-content/uploads/2020/05/46-1024x1024.png" alt="chirurgie esthétique faciale" srcset="https://www.cliniqueorl.com/wp-content/uploads/2020/05/46-1024x1024.png 1024w, https://www.cliniqueorl.com/wp-content/uploads/2020/05/46-300x300.png 300w, https://www.cliniqueorl.com/wp-content/uploads/2020/05/46-150x150.png 150w, https://www.cliniqueorl.com/wp-content/uploads/2020/05/46-768x768.png 768w, https://www.cliniqueorl.com/wp-content/uploads/2020/05/46-1536x1536.png 1536w" sizes="(max-width: 940px) 100vw, 940px" title="46"></p>
<p>Facial plastic and reconstructive surgery, often called facial plastics, is one of the specialties for which the ENT has specialized training. Our specialties including treatment of face and neck skin cancers, facial paralysis rehabilitation, as well as nasal and facial cosmetic surgery and medicine.</p>
<p>Les conditions les plus communément traitées sont listées à gauche.</p>

<p>La plastie faciale, une des spécialités de l&rsquo;ORL La chirurgie plastique et la reconstruction faciale, souvent appelée plastie faciale, est une des spécialités pour lesquelles l&rsquo;ORL possède une formation de pointe. Allant des traitements des cancers de peau du visage à la réhabilitation post paralysie faciale, elle inclut également les traitements esthétiques non-chirurgicaux et chirurgicaux [&hellip;]</p>
